57.
3, 23, 53
What are the prime factors of 849?
3, 283
List the prime factors of 2634.
2, 3, 439
List the prime factors of 8893.
8893
List the prime factors of 4333.
7, 619
List the prime factors of 10578.
2, 3, 41, 43
What are the prime factors of 2294?
2, 31, 37
What are the prime factors of 2641?
19, 139
List the prime factors of 1085.
5, 7, 31
List the prime factors of 2247.
3, 7, 107
List the prime factors of 184.
2, 23
What are the prime factors of 1572?
2, 3, 131
List the prime factors of 144.
2, 3
What are the prime factors of 98354?
2, 49177
What are the prime factors of 20530?
2, 5, 2053
List the prime factors of 42007.
7, 17, 353
List the prime factors of 521.
521
What are the prime factors of 20944?
2, 7, 11, 17
What are the prime factors of 8555?
5, 29, 59
What are the prime factors of 6442?
2, 3221
List the prime factors of 10855.
5, 13, 167
List the prime factors of 1386.
2, 3, 7, 11
What are the prime factors of 1301?
1301
List the prime factors of 736.
2, 23
What are the prime factors of 22609?
23, 983
List the prime factors of 22406.
2, 17, 659
List the prime factors of 5587.
37, 151
What are the prime factors of 163566?
2, 3, 13, 233
What are the prime factors of 37867?
19, 1993
What are the prime factors of 20831?
37, 563
List the prime factors of 8374.
2, 53, 79
What are the prime factors of 16696?
2, 2087
What are the prime factors of 170230?
2, 5, 29, 587
What are the prime factors of 10086?
2, 3, 41
What are the prime factors of 6808?
2, 23, 37
List the prime factors of 37409.
37409
List the prime factors of 2491.
47, 53
List the prime factors of 37565.
5, 11, 683
What are the prime factors of 7821?
3, 11, 79
List the prime factors of 357.
3, 7, 17
List the prime factors of 7191.
3, 17, 47
What are the prime factors of 1300?
2, 5, 13
List the prime factors of 1245.
3, 5, 83
What are the prime factors of 652?
2, 163
List the prime factors of 18106.
2, 11, 823
What are the prime factors of 2672?
2, 167
List the prime factors of 636.
2, 3, 53
What are the prime factors of 3621?
3, 17, 71
List the prime factors of 1758.
2, 3, 293
List the prime factors of 5447.
13, 419
What are the prime factors of 3832?
2, 479
What are the prime factors of 3768?
2, 3, 157
List the prime factors of 4969.
4969
List the prime factors of 4395.
3, 5, 293
List the prime factors of 40932.
2, 3, 379
What are the prime factors of 172?
2, 43
What are the prime factors of 13357?
19, 37
List the prime factors of 1728.
2, 3
List the prime factors of 54.
2, 3
List the prime factors of 870.
2, 3, 5, 29
List the prime factors of 1134.
2, 3, 7
What are the prime factors of 1064?
2, 7, 19
What are the prime factors of 6853?
7, 11, 89
What are the prime factors of 56136?
2, 3, 2339
List the prime factors of 738.
2, 3, 41
List the prime factors of 1040.
2, 5, 13
What are the prime factors of 1824?
2, 3, 19
List the prime factors of 32010.
2, 3, 5, 11, 97
What are the prime factors of 260?
2, 5, 13
What are the prime factors of 6366?
2, 3, 1061
What are the prime factors of 10803?
3, 13, 277
List the prime factors of 47951.
47951
What are the prime factors of 4231?
4231
What are the prime factors of 124958?
2, 43, 1453
List the prime factors of 97032.
2, 3, 13, 311
List the prime factors of 26211.
3, 8737
What are the prime factors of 1845?
3, 5, 41
List the prime factors of 54312.
2, 3, 31, 73
List the prime factors of 1562.
2, 11, 71
What are the prime factors of 1572?
2, 3, 131
List the prime factors of 3894.
2, 3, 11, 59
What are the prime factors of 2911?
41, 71
List the prime factors of 5852.
2, 7, 11, 19
What are the prime factors of 77453?
73, 1061
What are the prime factors of 122262?
2, 3, 7, 41, 71
List the prime factors of 1155.
3, 5, 7, 11
List the prime factors of 13177.
13177
What are the prime factors of 103386?
2, 3, 17231
List the prime factors of 129588.
2, 3, 10799
What are the prime factors of 11218?
2, 71, 79
What are the prime factors of 804?
2, 3, 67
What are the prime factors of 64572?
2, 3, 5381
What are the prime factors of 374?
2, 11, 17
List the prime factors of 22584.
2, 3, 941
What are the prime factors of 408?
2, 3, 17
List the prime factors of 8557.
43, 199
What are the prime factors of 8843?
37, 239
What are the prime factors of 787?
787
List the prime factors of 3261.
3, 1087
What are the prime factors of 7382?
2, 3691
What are the prime factors of 606?
2, 3, 101
What are the prime factors of 77107?
83, 929
What are the prime factors of 2069?
2069
What are the prime factors of 5395?
5, 13, 83
List the prime factors of 3975.
3, 5, 53
What are the prime factors of 417?
3, 139
List the prime factors of 2019.
3, 673
List the prime factors of 5026.
2, 7, 359
What are the prime factors of 392?
2, 7
What are the prime factors of 935?
5, 11, 17
What are the prime factors of 1562?
2, 11, 71
List the prime factors of 16097.
16097
List the prime factors of 1991.
11, 181
List the prime factors of 15436.
2, 17, 227
List the prime factors of 375.
3, 5
List the prime factors of 46507.
46507
List the prime factors of 534.
2, 3, 89
List the prime factors of 8631.
3, 7, 137
What are the prime factors of 104906?
2, 52453
List the prime factors of 73146.
2, 3, 73, 167
List the prime factors of 636.
2, 3, 53
List the prime factors of 4179.
3, 7, 199
List the prime factors of 2565.
3, 5, 19
What are the prime factors of 52104?
2, 3, 13, 167
List the prime factors of 969.
3, 17, 19
What are the prime factors of 20969?
13, 1613
List the prime factors of 28063.
7, 19, 211
List the prime factors of 837.
3, 31
What are the prime factors of 23584?
2, 11, 67
What are the prime factors of 308?
2, 7, 11
List the prime factors of 124.
2, 31
List the prime factors of 15279.
3, 11, 463
What are the prime factors of 10020?
2, 3, 5, 167
List the prime factors of 46229.
46229
What are the prime factors of 5473?
13, 421
What are the prime factors of 888?
2, 3, 37
What are the prime factors of 4163?
23, 181
What are the prime factors of 5628?
2, 3, 7, 67
What are the prime factors of 35503?
13, 2731
What are the prime factors of 1524?
2, 3, 127
What are the prime factors of 2710?
2, 5, 271
What are the prime factors of 1724?
2, 431
List the prime factors of 16994.
2, 29, 293
List the prime factors of 6486.
2, 3, 23, 47
List the prime factors of 1731.
3, 577
List the prime factors of 184.
2, 23
List the prime factors of 2735.
5, 547
List the prime factors of 2580.
2, 3, 5, 43
List the prime factors of 8.
2
List the prime factors of 1880.
2, 5, 47
List the prime factors of 17624.
2, 2203
List the prime factors of 44.
2, 11
List the prime factors of 5753.
11, 523
What are the prime factors of 1502?
2, 751
List the prime factors of 28329.
3, 7, 19, 71
List the prime factors of 338.
2, 13
What are the prime factors of 26834?
2, 13417
List the prime factors of 31065.
3, 5, 19, 109
What are the prime factors of 85?
5, 17
List the prime factors of 5126.
2, 11, 233
What are the prime factors of 924?
2, 3, 7, 11
List the prime factors of 5978.
2, 7, 61
What are the prime factors of 2492?
2, 7, 89
What are the prime factors of 1092?
2, 3, 7, 13
List the prime factors of 55220.
2, 5, 11, 251
What are the prime factors of 51033?
3, 17011
List the prime factors of 410.
2, 5, 41
What are the prime factors of 18071?
17, 1063
What are the prime factors of 106?
2, 53
What are the prime factors of 1568?
2, 7
List the prime factors of 18353.
18353
List the prime factors of 17531.
47, 373
List the prime factors of 82258.
2, 11, 3739
What are the prime factors of 19135?
5, 43, 89
List the prime factors of 12169.
43, 283
What are the prime factors of 38057?
19, 2003
List the prime factors of 2542.
2, 31, 41
List the prime factors of 8732.
2, 37, 59
What are the prime factors of 158?
2, 79
What are the prime factors of 871?
13, 67
List the prime factors of 10960.
2, 5, 137
What are the prime factors of 1131?
3, 13, 29
What are the prime factors of 11523?
3, 23, 167
What are the prime factors of 92557?
92557
List the prime factors of 1767.
3, 19, 31
List the prime factors of 372.
2, 3, 31
What are the prime factors of 9471?
3, 7, 11, 41
What are the prime factors of 13500?
2, 3, 5
What are the prime factors of 1903?
11, 173
What are the prime factors of 2986?
2, 1493
What are the pr